6. Let u(l) = -l**3 + 3*l**2 + 2*l - 9*l - r*l**2 - 6*l**2 - 9. Give u(n).
-3
Let i(j) = 13*j - 40*j + 4 - 6*j + 2. Let w(l) = 15*l - 3. Let x(h) = 4*i(h) + 9*w(h). Let n(v) = 3*v**2 - 1. Let g be n(-1). Give x(g).
3
Let d(p) = -p - 1. Let s(i) = -14*i**2 + 4*i - 1. Let r(a) = 6*d(a) + s(a). Let l(y) = -5*y**2 - y - 3. Let o(t) = -11*l(t) + 4*r(t). Give o(4).
1
Let r(y) = 13*y**2 - 1. Suppose 15*v + 2*q - 13 = 12*v, -q = -4*v - 1. Give r(v).
12
Let h(v) be the third derivative of 23*v**4/24 - 5*v**3/3 - 115*v**2. Let p(j) = -50*j + 21. Let r(u) = 13*h(u) + 6*p(u). Give r(-6).
2
Let k(a) be the first derivative of -7*a**2 + 24*a - 4224. Give k(1).
10
Let f(k) be the third derivative of 0*k**3 + 0*k**4 + 0*k + 1/60*k**5 + 1/120*k**6 + 0 - 15*k**2. Calculate f(-3).
-18
Let u(b) be the third derivative of b**6/120 + 7*b**5/60 + 13*b**4/24 + 10*b**3/3 + 17*b**2 - 86*b. Determine u(-5).
5
Let d(j) = -44*j + 19 + 14 + 49*j - 4*j. Give d(-7).
26
Let w be 47/4 - 7/(-28). Suppose 76*k = 73*k + w. Let d(m) = -22*m + 4 + m**2 + 15*m - 2*m**2 + k. Determine d(-8).
0
Let r(t) = 3*t - 4. Suppose 353 = 3*c + 179 + 189. Determine r(c).
-19
Suppose 47*q = 45*q - 14. Let o(i) = -i**2 - 8*i + 16. What is o(q)?
23
Let c(u) = -u**2 + 5*u - 12. Suppose -3643 = -4*j - 3611. Calculate c(j).
-36
Let o(g) = -7*g + 63. Let p be (-332)/581 + (-306)/(-21). What is o(p)?
-35
Let u(a) = 15 + 4*a + 81022706*a**2 + a**3 - 6 - 81022713*a**2. Determine u(6).
-3
Let u(f) = -f**2 - 15*f - 27. Let a be (2/6)/(26/(-72) - (-50)/150). Determine u(a).
9
Let y = 1 + 8. Let o(l) = 112*l**2 + 118*l**2 + y*l - 238*l**2 + l**3 - 10. Calculate o(7).
4
Let n(h) be the second derivative of -25*h**3/6 + 3*h**2 + 1590*h. Determine n(1).
-19
Let r(z) = 3*z + 1 - 3*z + 2*z. Let m(g) = -4*g - 46. Let a be m(-13). Let c(b) = b**2 - 6*b - 1. Let s be c(a). What is r(s)?
-1
Let x(u) be the third derivative of 0 - 1/3*u**4 + 0*u + 2*u**3 + 70*u**2 - 1/60*u**5. Calculate x(-10).
-8
Let b(k) be the second derivative of -k**3 - 64*k**2 + 1875*k. Determine b(-22).
4
Let w(p) be the first derivative of p**4/4 - 2*p**3 - 5*p**2/2 + 7*p + 160. Determine w(6).
-23
Suppose -5 = 4*y + 4*s - s, y - 6*s + 35 = 0. Let b(l) = l**3 + 4*l**2 - 13*l - 35. Give b(y).
5
Let i = -437 + -39. Let l = -483 - i. Let f(v) = -v**2 - 6*v - 2. What is f(l)?
-9
Let g(a) be the first derivative of a**3/3 - 6*a**2 + 13*a - 85. Let o = 1932 - 1923. Give g(o).
-14
Let f = -2703 - -2725. Let q(d) = -d + 24. Give q(f).
2
Let h = -169 - -172. Let g(o) = 3 + 6 + 3*o + 0*o - h. Give g(-4).
-6
Let b(h) = -2*h - h**2 - h**3 + 14 - 10 - 9 + 5*h**2 - 2. Calculate b(3).
-4
Let l(n) = -n**3 + 4*n**2 - n + 5. Let a be l(4). Let r(d) = -9 - 5*d - a + 10. Let f be -1 + -4 + (1 - -5). Calculate r(f).
-5
Let i(l) = 8*l - 43. Suppose 2*k - 21 = -3*y, -53*y + 7 = -52*y + 5*k. What is i(y)?
13
Let b(l) = -4*l. Let x(i) = i**3 + 5*i**2 + 5*i - 2. Let k = -18 + -17. Let h = k - -32. Let g be x(h). Give b(g).
-4
Let a(x) = -1 - 8*x**2 + 13*x**2 + 2*x**2 - 6*x**2. Let v(c) = c. Let s(l) = a(l) - 3*v(l). Give s(3).
-1
Let o(y) = -y - 18. Let s(i) = 3*i**2 - 17*i + 10. Let t be s(8). Suppose 4*h - t = h. Let a be h*4/(-8 + 0). Calculate o(a).
-7
Suppose -4*o + f = -33, -5*o + 7*f - 8*f = -48. Let g(l) = l**2 - 12*l + 46. Determine g(o).
19
Suppose 13*z = -15*z + 168. Suppose -2*a + 2*v = -8, 0 = -z*a + 5*a + 3*v + 6. Let p(f) be the second derivative of f**3/6 - f**2/2 + f. What is p(a)?
2
Let c(d) = 31*d - 10. Suppose -96 = -25*r - 23*r. Give c(r).
52
Let b be (3 - 0)*(8/(-4) - -3). Suppose 3*x - 15 = 2*x + b*d, -3*d - 15 = 0. Suppose x = -27*i + 22*i - 40. Let s(y) = -y**2 - 8*y - 8. Give s(i).
-8
Let j(s) = 3*s**2 - 7*s - 391. Let h(k) = 2*k**2 - 5*k - 195. Let l(d) = 5*h(d) - 3*j(d). Let b(x) be the first derivative of l(x). Give b(5).
6
Let y(c) = c**2 - 9*c. Let h(g) = 3*g - 59. Let b be h(21). Suppose -3*o = b*z - 16 - 19, -5*o = -3*z - 10. Determine y(o).
-20
Let p(m) = -187*m + 2626. Let i be p(14). Let w(j) be the third derivative of -j**6/120 + 2*j**5/15 + j**4/24 - j**3/3 - 2*j**2. What is w(i)?
6
Let z = 0 + 2. Let y(o) = 5*o**3 + 11*o**2 + 15*o + 5. Let h(l) = l**3 + 2*l**2 + 3*l + 1. Let q = -1112 - -1101. Let s(r) = q*h(r) + z*y(r). Give s(-2).
13
Let q(n) = -6*n - 12 + 7*n - 8 + 10*n. Let r be q(7). Suppose -2*o - r = -21*o. Let j(u) = 2*u**3 - 3*u**2 - 3*u - 4. Give j(o).
14
Let r(k) = -5951*k**2 - 3*k + 0*k + 5954*k**2 - 2. Let g be -2 + -1 + 9 - 4. Determine r(g).
4
Suppose -5*o + 132*t - 126*t + 33 = 0, -2*o + t + 16 = 0. Suppose -s + 6 - 3 = 0. Let p(r) = -r**s - o*r - 14 - 3*r + 10*r - 10*r**2. Determine p(-10).
6
Suppose 3*d = -2*x - 114, -94 = 4*x + 3*d + 146. Let f = 60 + x. Let s(o) be the first derivative of o**3/3 - 3*o - 3. Give s(f).
6
Let l(b) = -b - 14. Let r be l(-17). Let n(m) = -4 + 5*m - 3*m + 8*m + r. What is n(-1)?
-11
Let g(b) = -58*b**3 + 125*b**2 - 86*b + 95. Let w(t) = -10*t**3 + 21*t**2 - 14*t + 16. Let v(r) = 6*g(r) - 35*w(r). What is v(-9)?
1
Let g be (-21)/56*-4*(-16)/6. Let n(m) = m**3 - 13*m + 15. Let p be n(g). Let s(y) = -y**2 + 7*y - 4. Give s(p).
8
Let c(m) = -m**2 + 9*m + 3. Let i be (36/(-9))/((-8)/6). Let n be (8/3)/((-10)/(-15)). Suppose -2*u = -i*r + 19, -13 = -3*r - n*u + 12. Give c(r).
17
Suppose 3*a + 4*c = -57, -3*a + 7*c = -6*a - 66. Let w(z) be the third derivative of z**5/60 + 17*z**4/24 + 31*z**3/6 + 14*z**2. Determine w(a).
1
Suppose 8 = 2*o - 4*o. Let y = o - -1. Let v(s) be the third derivative of -s**4/8 + s**3/2 - 4*s**2 - 11*s. Calculate v(y).
12
Let l be (1/4)/(102/(-1224)). Let d(f) = 7*f**2 + 5*f + 20. Give d(l).
68
Let u(q) = q**2 + 14*q + 45. Let k be (1 + 1)*108/48*-2. Give u(k).
0
Let i(a) = -a**2 - a + 4. Let m = 116 + -45. Let c = m - 124. Let y = -53 - c. Determine i(y).
4
Let f(v) = -11*v - 93. Suppose -49*s + 53*s = -68*s - 576. What is f(s)?
-5
Let x(m) = -182 - 30*m + 27*m - 47*m - 80. Give x(-5).
-12
Suppose 4*d + 58 - 70 = 0. Let y(j) = 8*j**3 + 3*j**2 - 2*j + 4. Let r be y(d). Let v(h) = -240 - 4*h - 5*h + r. Determine v(-1).
10
Let d = -205 + 208. Let w(t) be the third derivative of 1/3*t**d + 0 - 1/60*t**5 + 1/6*t**4 - 19*t**2 + 0*t. What is w(6)?
-10
Let g(q) be the third derivative of -q**6/120 - 19*q**5/60 - 3*q**4/4 + q**3/2 - 3*q**2. Suppose -26 = 2*v - x, 3*x + 139 = v + 127. What is g(v)?
3
Let m(x) = -48*x + 129*x - 80*x. Calculate m(-20).
-20
Let d be 1/(1 - (-198)/(-207)). Suppose 27*j = d*j. Let s(x) be the first derivative of x**4/4 - x**3/3 + x**2/2 + 20*x + 1. Give s(j).
20
Let a(y) = -22*y + y**3 + 83*y - 31*y + 2 + 23*y**2 - 30*y. Calculate a(-23).
2
Suppose -1 = l + 2. Let z(q) be the third derivative of -q**5/15 - q**4/8 - 2*q**3/3 + q**2 - 44917*q. Calculate z(l).
-31
Let z(w) = -w**3 - 7*w**2 + 3*w - 4. Let t(o) = -4*o**3 - 29*o**2 + 12*o - 17. Let a(i) = 2*t(i) - 9*z(i). What is a(-5)?
17
Let i(q) be the second derivative of -q**4/4 - 4*q**3/3 + 9*q**2/2 - 4*q - 412. Calculate i(4).
-71
Let b(m) = -m**3 + 14*m**2 - 15*m + 18. Suppose -4*v = -12, c + 4*v = -0*c + 3. Let i be ((-32)/(-4) + c)*-13. Give b(i).
-8
Suppose 52*b - 1 - 209 + 2 = 0. Let h(v) = -v**3 + 3*v**2 - 10*v + 5. Determine h(b).
-51
Let s(w) = w**2. Let n be (5 + 1)*5/10. Suppose -3*t - 5 + 2 = j, n*j = t - 9. Determine s(j).
9
Let s(o) = 2*o**2 - 71*o - 110. Let y be s(37). Let h(v) = -2*v**2 + v + 1. Let u(b) = -11*b**2 + 19*b + 24. Let c(x) = y*u(x) - 6*h(x). What is c(-11)?
-4
Let t(x) = 4*x**2 - 9*x + 9. Suppose 8*b = -17*b + 61 + 64. Give t(b).
64
Let y(k) = -229 - 53*k + k**3 - 6*k**2 - 2*k**2 - 29*k + 113 + 131. What is y(-6)?
3
Let d(q) be the second derivative of q**5/20 + 19*q**4/12 + 2*q**3/3 + 15*q**2/2 - 44*q. Calculate d(-19).
-61
Let p be (-5 - 36/(-8))*0. Suppose -7*c + 6 + 8 = p. Let u(s) = -s**3 - 4 - 20*s**2 - 18*s**c - 7*s + 31*s**2. Give u(-4).
-24
Let u(l) = -2*l**2 + 8*l + 2. Let d(n) = -2*n**2 + 10*n + 2. Let j(s) = -9*s + 23. Let y be j(3). Let a(t) = y*d(t) + 5*u(t). Give a(-3).
-16
Let z = 4440 - 4444. Let u(i) be the third derivative of i**6/120 + i**5/15 - i**4/6 - i**3/3 - 2*i**2. Determine u(z).
14
Let h(f) = -175*f - 38. Let z(c) = 200*c + 36. Let u(k) = -7*h(k) - 6*z(k). Calculate u(-2).
0
Let z(s) = 5*s**2 + 87*s + 31. Let m = -12376 - -12359. C